+ 6. What are the prime factors of d?
2
Suppose -171 = 2*s + 81. List the prime factors of (s/(-8))/(21/56).
2, 3, 7
Let u = 12 - 6. What are the prime factors of u?
2, 3
Let m(f) = -7*f - 16. Let s(y) = -36*y - 79. Let q(v) = 11*m(v) - 2*s(v). List the prime factors of q(-13).
47
Suppose 3*t + 2 - 14 = 0. Suppose t*l - 18 - 22 = 0. What are the prime factors of l?
2, 5
Let w(u) = -2*u**3 - u**2 - u + 2. Suppose 2*k = 6*k + 8. Let m be w(k). Suppose 0*o = -2*o + m. What are the prime factors of o?
2
Suppose -v + 3*m - 1 - 28 = 0, -3*v - 27 = 3*m. What are the prime factors of v/((-1 - 2) + 1)?
7
List the prime factors of (138/115)/((-2)/(-30)).
2, 3
Let t = 34 - 17. Let n = t - 10. What are the prime factors of n?
7
Suppose m - 3 = -3*c - 7, -16 = -3*m + 5*c. Suppose -21 = -m*u + 7. What are the prime factors of u?
2, 7
Suppose 0 = -s - 3*s + 272. What are the prime factors of s?
2, 17
Let a = 151 - 48. List the prime factors of a.
103
Suppose 0 = 5*u - 4*a - 80 - 8, -3*a = 6. Let c = -6 + u. What are the prime factors of c?
2, 5
Let i = -21 + 24. Let b(j) = j**2 - j - 1. Let s be b(3). Suppose i*m - s = 16. What are the prime factors of m?
7
Let n(j) = 0*j**2 - 3 + j**2 - j + 3 + 1. List the prime factors of n(-3).
13
Suppose 2*a - 6*s = -2*s + 20, 0 = -2*s. List the prime factors of a.
2, 5
Let w(p) = p - 1. Let g be w(5). What are the prime factors of (-12 - 0)*(-2)/g?
2, 3
Let g = -15 + 47. List the prime factors of g.
2
Let b(i) = -5*i + 0*i - 7 + 2*i + i. Let m be b(-6). What are the prime factors of (-5)/(m/4)*-1?
2
Let r(u) = -u**2 - u + 25. What are the prime factors of r(0)?
5
Suppose 2*h - 3*h = -152. What are the prime factors of h?
2, 19
Let w(b) = 3*b**2 + 9*b - 1. What are the prime factors of w(-7)?
83
Let f(d) = d**3 - 21*d**2 + 48*d - 28. List the prime factors of f(19).
2, 3
What are the prime factors of -47*(0 + (3 - 4))?
47
Let i = 56 + -32. Suppose -5*k + i + 41 = 0. List the prime factors of k.
13
Suppose -2*f = 4*q - 398, -f = -q - 50 - 164. List the prime factors of f.
11, 19
What are the prime factors of ((-3)/(-4))/((-6)/(-16))?
2
Let q be 0*(-2)/6 - -3. Suppose -6 = q*f, -2*f + 12 = 5*g - 49. Let r = g + -5. What are the prime factors of r?
2
Let l(y) = y**3 + 6*y**2 - 4*y + 3. Let b be l(-5). Suppose -2*t = -m - b, t - 21 = -2*m + 13. Suppose 4*c = 6 + t. List the prime factors of c.
2
List the prime factors of (-4)/(-22) + 2630/55.
2, 3
Let r = -11 + 2. Let h be 0*3/r*-1. Suppose -c + 5*m = 7, h*c + m = -c + 17. List the prime factors of c.
13
Let n = 5 + -1. List the prime factors of n.
2
Let w(r) = 2*r**2 + 11*r - 19. Let a(z) = z**2 - 1. Let d(t) = 3*a(t) - w(t). What are the prime factors of d(11)?
2
Let x(g) = -g**3 - 2*g**2 + 4*g - 5. Let b be x(-4). What are the prime factors of (-6)/(-33) + 174/b?
2
Let u = 50 + -19. What are the prime factors of u?
31
Let f = 45 - 19. Let m = f + -18. List the prime factors of m.
2
Let j(x) = 3*x**2 - 3*x. Let u be j(2). What are the prime factors of (-9)/(-1) - (8 - u)?
7
Let o(f) = f**2 + 5*f - 6. Let d be o(-6). Suppose 10 = 2*w - d. List the prime factors of w.
5
Let g(v) = v**2 + 0 + 1 + 0*v**2. Let i(a) = -2*a**2 - 7*a - 6. Let m(q) = -3*g(q) - i(q). List the prime factors of m(6).
3
Suppose -4*a - 257 + 1601 = 0. What are the prime factors of a?
2, 3, 7
Suppose -q = -12 - 4. Let b be q/(-24)*30/(-4). Suppose 0 = 4*i + 2*z - 72, -2*z = -b*i - 16 + 88. What are the prime factors of i?
2
Let a(m) = 3*m**2 - 12*m + 24. List the prime factors of a(7).
3, 29
Suppose -3*q = 5 - 17. Let i = -2 + q. Suppose 3*y - i = 3*a + 31, 0 = -y - 2*a + 23. What are the prime factors of y?
3, 5
Suppose 4 - 2 = -4*y + 5*s, -5*y - 11 = -2*s. What are the prime factors of ((-3)/y)/((-2)/(-14))?
7
Let c(d) = d**2 - 15*d + 15. Let z be c(14). What are the prime factors of (-1 - -5) + 21*z?
5
Let z be (-20)/(-3) - (-2)/(-3). List the prime factors of (6/5)/(z/40).
2
What are the prime factors of (-7)/21*(-143 + 2)?
47
Let b(a) = 2*a**2 + 4 + a - a**2 + 0*a**2. Let h be b(0). Suppose -36 = -h*f - 0*f. What are the prime factors of f?
3
Let l = 273 + -69. What are the prime factors of l?
2, 3, 17
Suppose -r = -3*m + 590, -2*m + 5*m = 4*r + 578. What are the prime factors of m?
2, 3, 11
Suppose -4*f + 264 = 4*j, 0 = 4*j + j - 5*f - 290. What are the prime factors of j?
2, 31
Let h(w) = -3*w**3 - w**2 + 2*w + 3. What are the prime factors of h(-2)?
19
Let g(a) = a**2 + 4*a. Let f be g(-5). Suppose w - f*m = 12, m = 2*m. Let k = w - 2. List the prime factors of k.
2, 5
Let q = 13 + -8. Suppose -2*v = -0*v - 24. Suppose 4*h + v = 2*i, 2*i = -0*h - 3*h + q. What are the prime factors of i?
2
Suppose 3*i - 4 = 134. What are the prime factors of i?
2, 23
Let f = -6 + 10. Let r(w) = 14*w**3 - 6*w**2 - 12*w + 12. Let v(c) = 5*c**3 - 2*c**2 - 4*c + 4. Let l(t) = 4*r(t) - 11*v(t). What are the prime factors of l(f)?
2, 5
Let x = 6 - -6. Let y be (-1)/4 - (-99)/x. Suppose 2*n + 3*u + y = 0, 0*n - u - 12 = -4*n. List the prime factors of n.
2
Let b(t) = -t**2 - 4 + 3*t + t + 6*t. List the prime factors of b(7).
17
Let w be ((-3)/(-6))/(1/(-2)). Let d be (w/(-3))/((-2)/(-30)). Suppose v = 4, -3*v = z - 2*z + d. List the prime factors of z.
17
Let v(z) = -z**3 + 2*z + 1. Let s(c) = 3*c**3 + c**2 - 4*c - 1. Let y(d) = -2*s(d) - 5*v(d). What are the prime factors of y(-3)?
2, 3
Let g(w) = -3*w - 10. Let j be g(-7). Let c = j - 9. Suppose 20 = -c*o + 3*o. What are the prime factors of o?
2, 5
Let a = 1 - -11. Suppose -2*u = u - a. List the prime factors of u.
2
Let x(d) = -d**2 - 3*d + 3. Let m be x(-6). Let j = m - -9. What are the prime factors of (-171)/(-33) + j/33?
5
Let b(y) = -y**3 + 7*y**2 + 6*y + 9. What are the prime factors of b(6)?
3
Let v = -8 - -10. Suppose 0 = 5*k - 2*m + m - 18, -2*m = -v*k + 4. Suppose -2*q + 58 = 4*b, k*q + 3*b - 43 - 58 = 0. What are the prime factors of q?
23
Let h(s) = -s**3 + 18*s**2 - 12*s - 14. What are the prime factors of h(17)?
71
Suppose 0 = 11*f - 17*f + 72. List the prime factors of f.
2, 3
Let q(b) = 19*b - 38. What are the prime factors of q(8)?
2, 3, 19
Suppose 3*p - 18 = -9. Suppose 3*i = 6, 13 = -p*g - 5*i + 71. List the prime factors of g.
2
Suppose 4*n + 20 = -3*f, -f + 2 = -4*n - 2. List the prime factors of n/4 + 182/4.
3, 5
Let t be 6/((-6)/(-2 - 1)). Suppose 6*b - t*b - 63 = 0. List the prime factors of b.
3, 7
Let b(d) = -d**3 + 10*d**2 - 6*d - 17. List the prime factors of b(9).
2, 5
List the prime factors of ((-102)/(-12) + 1)/(1/10).
5, 19
Suppose -5*p + 0*p + 90 = 0. List the prime factors of p.
2, 3
Suppose x = -0*x - 9. Let c = x - -23. Let s = 26 - c. What are the prime factors of s?
2, 3
Let w = -12 + 20. Let x be w/12*18/4. Suppose -2*n - 1 = 1, 2*n = x*d - 32. What are the prime factors of d?
2, 5
Let u(z) = 4*z**2 - z + 2. Let b be u(-2). Let s(x) = -2*x - 1. Let c be s(-2). Suppose c*i - 1 = b. List the prime factors of i.
7
Let m = -6 - -11. Let w = m + -3. Suppose b + w*b - 36 = 0. What are the prime factors of b?
2, 3
Let f = -16 + 32. Let g = -12 - -7. Let b = f + g. List the prime factors of b.
11
Suppose -2*r + 3*v = r - 207, 5*r - v = 341. What are the prime factors of r?
2, 17
Let m = 14 + 0. List the prime factors of m.
2, 7
Let c(i) = -60*i - 1. List the prime factors of c(-1).
59
Let r = 8 + -6. Let h(z) = z**3 + 16*z**2 + 14*z - 15. Let f be h(-15). Suppose t - r - 2 = f. List the prime factors of t.
2
Let p(m) = -m**3 - 4*m**2 - 3. Let l be p(-4). Let v(z) = z**3 + z**2 - z + 4. Let t be v(l). Let i = t - -20. List the prime factors of i.
3
Let h(y) = 4*y - 1. Let s be h(3). Suppose -j = -2*p - s, 2*p + 3 = 5*j - 4. List the prime factors of 11 + (-3)/((-9)/p).
3
Suppose 2*s = 65 + 133. List the prime factors of s.
3, 11
Suppose -2*q = 2 - 10. List the prime factors of q.
2
Let m(t) = -t + 1. Let w be m(-3). Suppose -w*n + n = -33. What are the prime factors of n?
11
Let b(h) = 3*h**2 - h - 4. Suppose 3*g = -o - 6, 3*o - 6*g + g = 24. List the prime factors of b(o).
2, 5
Suppose -5*g = -g - c, 0 = 3*g - c. Suppose 0 = 2*b + 2, -3*h - h + 3*b - 1 = g. What are the prime factors of h + (-3 - -19)/2?
7
Let t = -7 + 3. Let z be t/(-10)*15*5. Suppose 5*u + 2*b = z, -3*u = 4*b + 5 - 23. What are the prime factors of u?
2, 3
Suppo